9
Suppose 41 = 10*z + 11. What is the highest common divisor of z and 123?
3
Let t(o) = -19*o + 103. Let b be t(4). Calculate the greatest common factor of b and 27.
27
Let l be 3/(-2) + ((-217)/(-14) - 4). Suppose 12 = -4*m + l*m. What is the highest common divisor of 1 and m?
1
Let b be 84/280 + 714/20. Calculate the highest common factor of 12 and b.
12
Let u(p) = p**3 - 21*p**2 - 21*p - 9. Let s be u(22). Let r = 52 - s. What is the greatest common divisor of 26 and r?
13
Suppose 2*k - a - 2*a = 63, 5*k = 3*a + 135. Let m(h) = 4*h**2 - 163*h + 31. Let r be m(41). Calculate the greatest common divisor of r and k.
24
Let x(f) = f**2 + 13*f - 97. Let z be x(-23). Calculate the highest common factor of z and 19.
19
Suppose 0 = 7*g - 2*g + 70. Let s be (-2)/6 - 7/(-3) - g. Calculate the greatest common factor of s and 96.
16
Suppose -5*w + 1 = -z, -2*z - 2*w = 3*z + 140. Let c = -17 - z. Suppose 2*y = y + c. What is the greatest common factor of 1 and y?
1
Suppose -12 = -3*s, -5*s - 126 = -l - l. Let n = -64 + l. What is the highest common divisor of n and 81?
9
Suppose -4*h + i = -105, -h - i - 53 = -3*h. Suppose -2*o = 11*o - h. Calculate the greatest common divisor of 7 and o.
1
Suppose 2*p = p - 15. Let n = p - -17. Suppose -10 = -0*c - n*c. What is the greatest common divisor of c and 1?
1
Suppose -2*x - 2*p - 10 = -4*x, 3*p = -4*x + 6. Let s be 2/6*(x - -3). Let j = 16 - s. What is the highest common divisor of 42 and j?
14
Let l be 3/5 - 3536/85. Let j = l + 121. What is the greatest common factor of j and 16?
16
Suppose 5*f + 47 = 307. Calculate the highest common divisor of 208 and f.
52
Let l(p) = -6*p**3 - 2*p**2 - 24*p - 103. Let y be l(-4). Calculate the highest common divisor of 276 and y.
69
Let s = 519 - 497. What is the highest common factor of 4 and s?
2
Suppose 3*k = 2*p - 114, 15 = -5*k - 5. What is the highest common factor of 187 and p?
17
Let z(g) = -g**3 - 6*g**2 - 2. Let d be z(-6). Let c be ((-9)/d)/((-5)/(-10)). Suppose -c*l = -14*l + 65. What is the highest common divisor of l and 65?
13
Suppose -255*y = -254*y - 602. What is the highest common factor of 14 and y?
14
Let u(k) = 3*k + 1. Let a be u(9). Suppose -3*h - a = -136. Let v = -21 + h. What is the greatest common divisor of 10 and v?
5
Let t(b) = -b**3 - 53*b**2 + 58*b + 221. Let q be t(-54). Calculate the highest common factor of 65 and q.
5
Let f = 71 - 67. Suppose f = -4*x - 3*o + 14, -2*x = -2*o - 12. What is the greatest common divisor of 44 and x?
4
Let y = -302 + 428. Let h = y + -86. Calculate the highest common divisor of 32 and h.
8
Let q(z) = 13*z + 367. Let n be q(9). What is the highest common divisor of 4 and n?
4
Let t(z) = z + 13. Let u be t(10). Let m = -18 + u. Calculate the highest common factor of 5 and m.
5
Let t be (-26)/(4 + ((-4)/8 - 4)). Calculate the highest common divisor of t and 78.
26
Suppose 8549 = 18*t - 649. Calculate the highest common factor of t and 73.
73
Let y(l) = -l**3 + 8*l**2 - 5*l - 6. Let q = -10 - -16. Let s be y(q). Let o be (-268)/(-3) + 8/12. What is the highest common factor of s and o?
18
Let o = -7 + 6. Let z be 1 + 4 + o - -7. What is the greatest common factor of 11 and z?
11
Let x(y) = 2*y**2 - 26*y - 86. Let s be x(16). Suppose 4*a - a - 6 = 0. Calculate the highest common factor of s and a.
2
Suppose -35 = -5*o + v, -3*o = 2*o + 4*v - 35. Let n(s) = 3*s**2 - 4*s - 7. Let l = -7 + 13. Let c be n(l). What is the highest common factor of c and o?
7
Let n = 337 - 297. Calculate the greatest common divisor of n and 110.
10
Let d(o) = 2 + 3 + o**2 + 20 - o**3. Let s be d(0). Suppose -2*f - 2*f = -300. What is the greatest common factor of f and s?
25
Suppose 0 = -25*y + 17*y + 64. Calculate the highest common factor of y and 128.
8
Suppose 44 = -72*b + 1052. Calculate the greatest common factor of b and 2.
2
Let j(r) = 5*r**2 + 17*r - 10. Let s be j(-10). Calculate the greatest common factor of 10 and s.
10
Suppose -40*j + 195 = -37*j. Calculate the highest common divisor of j and 169.
13
Let w(z) = -z**2 - 15*z + 7. Let c be w(-7). Let n be 675/c - (24/14 + -2). Calculate the greatest common factor of n and 44.
11
Suppose 2*m + 15 + 9 = 0. Let u = m + 20. What is the greatest common factor of 64 and u?
8
Let i = 4 - -1. Suppose i + 4 = 3*o, -4*o = -3*w. What is the greatest common divisor of 32 and w?
4
Suppose 0 = -3*x - 159 + 942. Calculate the greatest common factor of x and 12.
3
Let w(d) = -d**2 + 14*d - 14. Let i be w(12). Let r be (-8 - -5 - -4) + 4. Calculate the highest common factor of i and r.
5
Suppose -28 = -m + 10. Let w = m + -27. Calculate the greatest common factor of w and 121.
11
Let m(g) = -g**3 + 7*g**2 - 4*g - 5. Let i be m(5). Suppose 2*x - i - 23 = 0. What is the highest common factor of x and 216?
24
Let z = 131 + 39. What is the highest common factor of z and 425?
85
Let u be -81*6/(-36) - (-2)/(-4). Calculate the greatest common divisor of 351 and u.
13
Let q = -280 + 1737. Calculate the greatest common factor of q and 31.
31
Suppose m = z - m - 9, 5*m + 14 = 2*z. Let i(u) = -u**3 + 9*u**2 - 6*u - 13. Let t be i(6). Let s = t + -42. What is the greatest common divisor of s and z?
17
Let i be 4/6*13536/64. Calculate the highest common factor of 94 and i.
47
Let c = 2697 - 2598. Let o be ((-8)/10)/(2/(-10)). Suppose -o*q = -15 - 21. What is the highest common divisor of c and q?
9
Suppose a = -u + 57, -u + 169 = -4*a + 7*a. What is the highest common factor of 182 and a?
14
Let n(m) = 3*m + 50. Let d be n(-30). Let g = -50 - -25. Let w = g - d. What is the greatest common divisor of 45 and w?
15
Let o be ((-195)/(-325))/(3/90). Suppose 0*d = 2*d - 108. Calculate the highest common factor of o and d.
18
Let m be ((-498)/1328)/(2/(-16)). Let h be 42*-1*1/(-2). Calculate the greatest common divisor of m and h.
3
Let k(n) = -17*n - 14. Let t be k(-6). Calculate the greatest common factor of t and 308.
44
Suppose -4*h = 6*q - 2*q - 120, -5*h + q = -174. Suppose -h*u = -31*u - 30. Let s be 2/(-6) - 1055/(-15). What is the highest common factor of s and u?
10
Let c be (-4)/10 + 152/5. Suppose 24*r - 94 = -2*g + 22*r, 88 = 2*g - r. Calculate the highest common divisor of g and c.
15
Suppose -17 = -3*o - 32. Let c be 1/(((-20)/112)/o). What is the greatest common factor of 14 and c?
14
Suppose -3*d - 532 = d. Let h = -125 - d. Calculate the highest common divisor of h and 200.
8
Let l = 200 + -182. What is the greatest common divisor of l and 45?
9
Let s = 23 + -12. Let c(y) = -10*y + 38. Let j be c(4). Let x be (-7 + 18)*(j + 3). Calculate the highest common divisor of s and x.
11
Suppose 152 = 5*v + 47. Calculate the greatest common factor of v and 6.
3
Let v(q) = -17*q - 8. Let s(j) = 16*j + 8. Let h(n) = -5*s(n) - 4*v(n). Let m be h(-4). Let f = m + -22. What is the highest common divisor of 162 and f?
18
Suppose 21*l = 16041 + 843. Calculate the highest common factor of l and 24.
12
Let b = -2 - -715. What is the greatest common factor of 23 and b?
23
Let g(u) = 2*u**3 + u**2. Let x be g(1). Suppose -58 = -3*a + q, 3*q = -x*a + 7*a - 69. Let y be 6/9*a/2. What is the highest common factor of 49 and y?
7
Let r(m) = -11*m + 19. Let s be r(0). What is the highest common divisor of s and 1007?
19
Let f(z) = 19*z**2 - 17*z - 60. Let q be f(-6). What is the greatest common factor of 22 and q?
22
Let y = -42 + 46. Let b be y - (-1 - -1)/1. Suppose -50 = -b*c - 6. Calculate the highest common divisor of 11 and c.
11
Suppose -7*m - 85 = -288. Let f = -1 + m. Calculate the highest common divisor of 140 and f.
28
Let v(x) = x + 4. Let z be v(7). Let j be (1650/125)/((-2)/(-15)). What is the highest common divisor of z and j?
11
Let w(u) = u**2 - 9. Let a be w(-7). Suppose -5*j + a = -30. Let t(s) = 7*s**2 + 4*s + 2. Let o be t(-4). What is the highest common factor of j and o?
14
Let f be (-3 - 0)*(-53)/3. Let s = f + -36. Suppose -v + 0*w + 26 = 5*w, v - s = -2*w. What is the highest common divisor of 66 and v?
11
Suppose 0 = -10*q + 304 - 274. What is the highest common divisor of q and 5?
1
Let o be (42/(-105))/((-3)/1710). What is the highest common divisor of 12 and o?
12
Suppose 0 = p - 0 - 0. Suppose -26*h + 21*h + 95 = p. What is the highest common divisor of h and 95?
19
Let s(b) = b**2